{"id":767,"date":"2025-11-26T13:41:40","date_gmt":"2025-11-26T12:41:40","guid":{"rendered":"http:\/\/wordpress.offlanges.fr\/?page_id=767"},"modified":"2025-12-16T14:28:17","modified_gmt":"2025-12-16T13:28:17","slug":"bulletin-municipal","status":"publish","type":"page","link":"https:\/\/www.offlanges.fr\/index.php\/bulletin-municipal\/","title":{"rendered":"Bulletin municipal"},"content":{"rendered":"\n<div class=\"wp-block-group alignfull is-layout-flow wp-container-core-group-is-layout-86079e8b wp-block-group-is-layout-flow\">\n<div class=\"wp-block-group is-layout-flow wp-block-group-is-layout-flow\" style=\"margin-top:0;margin-bottom:0;padding-top:0;padding-bottom:0\">\n<div class=\"wp-block-columns alignfull has-background is-layout-flex wp-container-core-columns-is-layout-83d8d5f7 wp-block-columns-is-layout-flex\" style=\"background-color:#f5f5f5;padding-top:0;padding-right:0;padding-bottom:0;padding-left:0\">\n<div class=\"wp-block-column is-layout-flow wp-block-column-is-layout-flow\" style=\"flex-basis:50%\">\n<div class=\"wp-block-cover has-aspect-ratio\" style=\"min-height:550px;aspect-ratio:16\/9;min-height:unset;\"><img loading=\"lazy\" decoding=\"async\" width=\"2048\" height=\"1536\" class=\"wp-block-cover__image-background wp-image-2484 size-full\" alt=\"\" src=\"https:\/\/www.offlanges.fr\/wp-content\/uploads\/2025\/12\/DSC09400.jpg\" data-object-fit=\"cover\" srcset=\"https:\/\/www.offlanges.fr\/wp-content\/uploads\/2025\/12\/DSC09400.jpg 2048w, https:\/\/www.offlanges.fr\/wp-content\/uploads\/2025\/12\/DSC09400-300x225.jpg 300w, https:\/\/www.offlanges.fr\/wp-content\/uploads\/2025\/12\/DSC09400-1024x768.jpg 1024w, https:\/\/www.offlanges.fr\/wp-content\/uploads\/2025\/12\/DSC09400-768x576.jpg 768w, https:\/\/www.offlanges.fr\/wp-content\/uploads\/2025\/12\/DSC09400-1536x1152.jpg 1536w\" sizes=\"auto, (max-width: 2048px) 100vw, 2048px\" \/><span aria-hidden=\"true\" class=\"wp-block-cover__background has-background-dim-0 has-background-dim\" style=\"background-color:#85827f\"><\/span><div class=\"wp-block-cover__inner-container is-layout-flow wp-block-cover-is-layout-flow\">\n<p class=\"has-text-align-center has-large-font-size\"><\/p>\n<\/div><\/div>\n<\/div>\n\n\n\n<div class=\"wp-block-column is-vertically-aligned-top has-global-padding is-layout-constrained wp-block-column-is-layout-constrained\" style=\"flex-basis:50%\">\n<div class=\"wp-block-group is-layout-flow wp-container-core-group-is-layout-a77db08e wp-block-group-is-layout-flow\">\n<h2 class=\"wp-block-heading\" style=\"padding-top:30px;padding-right:60px;padding-bottom:30px;padding-left:60px;font-size:clamp(24.034px, 1.502rem + ((1vw - 3.2px) * 1.597), 40px);line-height:1.3\">Bulletin d&rsquo;<mark style=\"background-color:rgba(0, 0, 0, 0);color:#0693e3\" class=\"has-inline-color\">Information <\/mark>d&rsquo;Offlanges<\/h2>\n\n\n\n<p style=\"padding-right:60px;padding-bottom:10px;padding-left:60px\">Le BIO <em>(Bulletin d&rsquo;Information d&rsquo;Offlanges)<\/em> et le bulletin des offlangeois et des offlangeoises. C\u2019est un lien entre concitoyens, un lien utile qui ne doit pas \u00eatre un vecteur \u00e0 sens unique : ses colonnes sont ouvertes \u00e0 vos contributions, qu\u2019il s\u2019agisse d\u2019actualit\u00e9s associatives ou de fragments d\u2019histoire locale\u2026<\/p>\n\n\n\n<p style=\"padding-right:60px;padding-bottom:30px;padding-left:60px\">Les derniers BIO sont disponibles en ligne, ci-dessous.<\/p>\n<\/div>\n<\/div>\n<\/div>\n<\/div>\n\n\n\n<div class=\"wp-block-cover is-light\" style=\"margin-top:0px;margin-bottom:0px;padding-top:20px;padding-right:0;padding-bottom:0px;padding-left:0\"><span aria-hidden=\"true\" class=\"wp-block-cover__background has-background-dim-100 has-background-dim\" style=\"background-color:#f5f5f5\"><\/span><div class=\"wp-block-cover__inner-container has-global-padding is-layout-constrained wp-container-core-cover-is-layout-3b163301 wp-block-cover-is-layout-constrained\">\n<div class=\"wp-block-group alignwide has-custom-color-5-color has-text-color has-link-color wp-elements-b6827ce3661206d1c3254af7a91d0d2e is-layout-flow wp-block-group-is-layout-flow\" style=\"padding-top:0\"><div class='pt-cv-wrapper'> <div class=\"pt-cv-view pt-cv-blockgrid iscvblock iscvreal grid1 layout1 cveffect-zoomin\" id=\"pt-cv-view-lg21j2j8\"><div data-id=\"pt-cv-page-1\" class=\"pt-cv-page\" data-cvc=\"3\"><div class=\" pt-cv-content-item pt-cv-1-col\" ><div class=\"pt-cv-thumb-wrapper  \"><a href=\"https:\/\/www.offlanges.fr\/index.php\/2016\/01\/20\/bio-n9\/\" class=\"_self pt-cv-href-thumbnail pt-cv-thumb-default\" target=\"_self\" ><img loading=\"lazy\" decoding=\"async\" width=\"768\" height=\"1086\" src=\"https:\/\/www.offlanges.fr\/wp-content\/uploads\/2025\/12\/bio_9-768x1086.jpg\" class=\"pt-cv-thumbnail\" alt=\"\" \/><\/a><\/div>\n<h4 class=\"pt-cv-title\"><a href=\"https:\/\/www.offlanges.fr\/index.php\/2016\/01\/20\/bio-n9\/\" class=\"_self\" target=\"_self\" >Bio N\u00b09<\/a><\/h4>\n<div class=\"pt-cv-content\">\n<ul class=\"wp-block-list\">\n<li>Vie communale\n<ul class=\"wp-block-list\">\n<li>La bonne eau d\u2019Offlanges<\/li>\n\n\n\n<li>La Nounourserie<\/li>\n<\/ul>\n<\/li>\n\n\n\n<li>La parole aux habitants\n<ul class=\"wp-block-list\">\n<li>Association \u00ab Sauvons le Massif de la Serre \u00bb<\/li>\n<\/ul>\n<\/li>\n\n\n\n<li>Vie pratique\n<ul class=\"wp-block-list\">\n<li>Bruits de voisinage<\/li>\n<\/ul>\n<\/li>\n\n\n\n<li>Informations diverses\n<ul class=\"wp-block-list\">\n<li>Vie associative et festivit\u00e9s<\/li>\n\n\n\n<li>Agenda associatif<\/li>\n<\/ul>\n<\/li>\n<\/ul>\n\n\n\n<\/div>\n<div class=\"pt-cv-rmwrap\"><a href=\"https:\/\/www.offlanges.fr\/index.php\/2016\/01\/20\/bio-n9\/\" class=\"_self pt-cv-readmore btn btn-success\" target=\"_self\" >Lire La Suite\u2026<\/a><\/div><\/div>\n<div class=\" pt-cv-content-item pt-cv-1-col\" ><div class=\"pt-cv-thumb-wrapper  \"><a href=\"https:\/\/www.offlanges.fr\/index.php\/2015\/01\/24\/bio-n8\/\" class=\"_self pt-cv-href-thumbnail pt-cv-thumb-default\" target=\"_self\" ><img loading=\"lazy\" decoding=\"async\" width=\"768\" height=\"1086\" src=\"https:\/\/www.offlanges.fr\/wp-content\/uploads\/2025\/12\/bio_8-768x1086.jpg\" class=\"pt-cv-thumbnail\" alt=\"\" \/><\/a><\/div>\n<h4 class=\"pt-cv-title\"><a href=\"https:\/\/www.offlanges.fr\/index.php\/2015\/01\/24\/bio-n8\/\" class=\"_self\" target=\"_self\" >Bio N\u00b08<\/a><\/h4>\n<div class=\"pt-cv-content\">\n<ul class=\"wp-block-list\">\n<li>Vie quotidienne\n<ul class=\"wp-block-list\">\n<li>Modernisation des \u00e9quipements de collecte des d\u00e9chets<\/li>\n\n\n\n<li>Commission \u00ab Cadre de vie \u00bb<\/li>\n<\/ul>\n<\/li>\n\n\n\n<li>Vie communale\n<ul class=\"wp-block-list\">\n<li>Restauration de l\u2019\u00e9glise<\/li>\n\n\n\n<li>Affouage, mode d\u2019emploi<\/li>\n<\/ul>\n<\/li>\n\n\n\n<li>Au fil du temps\u2026\n<ul class=\"wp-block-list\">\n<li>Premiers magistrats de la commune<\/li>\n\n\n\n<li>Vie associative et festivit\u00e9s 2015<\/li>\n<\/ul>\n<\/li>\n<\/ul>\n\n\n\n<\/div>\n<div class=\"pt-cv-rmwrap\"><a href=\"https:\/\/www.offlanges.fr\/index.php\/2015\/01\/24\/bio-n8\/\" class=\"_self pt-cv-readmore btn btn-success\" target=\"_self\" >Lire La Suite\u2026<\/a><\/div><\/div>\n<div class=\" pt-cv-content-item pt-cv-1-col\" ><div class=\"pt-cv-thumb-wrapper  \"><a href=\"https:\/\/www.offlanges.fr\/index.php\/2014\/01\/25\/bio-n7\/\" class=\"_self pt-cv-href-thumbnail pt-cv-thumb-default\" target=\"_self\" ><img loading=\"lazy\" decoding=\"async\" width=\"768\" height=\"1086\" src=\"https:\/\/www.offlanges.fr\/wp-content\/uploads\/2025\/12\/bio_7-768x1086.jpg\" class=\"pt-cv-thumbnail\" alt=\"\" \/><\/a><\/div>\n<h4 class=\"pt-cv-title\"><a href=\"https:\/\/www.offlanges.fr\/index.php\/2014\/01\/25\/bio-n7\/\" class=\"_self\" target=\"_self\" >Bio N\u00b07<\/a><\/h4>\n<div class=\"pt-cv-content\">\n<ul class=\"wp-block-list\">\n<li>Patrimoine\n<ul class=\"wp-block-list\">\n<li>L&rsquo;\u00e9glise, un \u00e9difice exceptionnel<\/li>\n<\/ul>\n<\/li>\n\n\n\n<li>Vie associative\n<ul class=\"wp-block-list\">\n<li>Confr\u00e9ries d&rsquo;Offlanges<\/li>\n<\/ul>\n<\/li>\n\n\n\n<li>Vie pratique\n<ul class=\"wp-block-list\">\n<li>\u00c9lection municipale<\/li>\n<\/ul>\n<\/li>\n\n\n\n<li>Nouveaut\u00e9s en 2014\n<ul class=\"wp-block-list\">\n<li>Festivit\u00e9s<\/li>\n\n\n\n<li>Agenda 2014<\/li>\n<\/ul>\n<\/li>\n<\/ul>\n\n\n\n<\/div>\n<div class=\"pt-cv-rmwrap\"><a href=\"https:\/\/www.offlanges.fr\/index.php\/2014\/01\/25\/bio-n7\/\" class=\"_self pt-cv-readmore btn btn-success\" target=\"_self\" >Lire La Suite\u2026<\/a><\/div><\/div>\n<div class=\" pt-cv-content-item pt-cv-1-col\" ><div class=\"pt-cv-thumb-wrapper  \"><a href=\"https:\/\/www.offlanges.fr\/index.php\/2013\/01\/07\/elementor-748\/\" class=\"_self pt-cv-href-thumbnail pt-cv-thumb-default\" target=\"_self\" ><img loading=\"lazy\" decoding=\"async\" width=\"768\" height=\"1086\" src=\"https:\/\/www.offlanges.fr\/wp-content\/uploads\/2025\/12\/bio_6-768x1086.jpg\" class=\"pt-cv-thumbnail\" alt=\"\" \/><\/a><\/div>\n<h4 class=\"pt-cv-title\"><a href=\"https:\/\/www.offlanges.fr\/index.php\/2013\/01\/07\/elementor-748\/\" class=\"_self\" target=\"_self\" >Bio N\u00b06<\/a><\/h4>\n<div class=\"pt-cv-content\">\n<ul class=\"wp-block-list\">\n<li>Patrimoine\n<ul class=\"wp-block-list\">\n<li>Un blason pour Offlanges<\/li>\n<\/ul>\n<\/li>\n\n\n\n<li>Histoire locale\n<ul class=\"wp-block-list\">\n<li>La vall\u00e9e des anges : mythe ou r\u00e9alit\u00e9<\/li>\n<\/ul>\n<\/li>\n\n\n\n<li>Vie associative et festivit\u00e9s\n<ul class=\"wp-block-list\">\n<li>Agenda 2013<\/li>\n<\/ul>\n<\/li>\n<\/ul>\n\n\n\n<\/div>\n<div class=\"pt-cv-rmwrap\"><a href=\"https:\/\/www.offlanges.fr\/index.php\/2013\/01\/07\/elementor-748\/\" class=\"_self pt-cv-readmore btn btn-success\" target=\"_self\" >Lire La Suite\u2026<\/a><\/div><\/div>\n<div class=\" pt-cv-content-item pt-cv-1-col\" ><div class=\"pt-cv-thumb-wrapper  \"><a href=\"https:\/\/www.offlanges.fr\/index.php\/2012\/01\/10\/bio5\/\" class=\"_self pt-cv-href-thumbnail pt-cv-thumb-default\" target=\"_self\" ><img loading=\"lazy\" decoding=\"async\" width=\"768\" height=\"1086\" src=\"https:\/\/www.offlanges.fr\/wp-content\/uploads\/2025\/12\/bio_5-768x1086.jpg\" class=\"pt-cv-thumbnail\" alt=\"\" \/><\/a><\/div>\n<h4 class=\"pt-cv-title\"><a href=\"https:\/\/www.offlanges.fr\/index.php\/2012\/01\/10\/bio5\/\" class=\"_self\" target=\"_self\" >Bio N\u00b05<\/a><\/h4>\n<div class=\"pt-cv-content\">\n<ul class=\"wp-block-list\">\n<li>Patrimoine\n<ul class=\"wp-block-list\">\n<li>\u00c9volution de la population d\u2019Offlanges<\/li>\n\n\n\n<li>Le Colosse Jurassien<\/li>\n<\/ul>\n<\/li>\n\n\n\n<li>Vie communale\n<ul class=\"wp-block-list\">\n<li>Carri\u00e8res de Moissey, reprise de l\u2019activit\u00e9<\/li>\n\n\n\n<li>R\u00e9trospective<\/li>\n<\/ul>\n<\/li>\n\n\n\n<li>Vie pratique\n<ul class=\"wp-block-list\">\n<li>Trions mieux nos d\u00e9chets<\/li>\n<\/ul>\n<\/li>\n\n\n\n<li>Vie associative et festivit\u00e9s\n<ul class=\"wp-block-list\">\n<li>Agenda du foyer rural<\/li>\n<\/ul>\n<\/li>\n<\/ul>\n\n\n\n<\/div>\n<div class=\"pt-cv-rmwrap\"><a href=\"https:\/\/www.offlanges.fr\/index.php\/2012\/01\/10\/bio5\/\" class=\"_self pt-cv-readmore btn btn-success\" target=\"_self\" >Lire La Suite\u2026<\/a><\/div><\/div>\n<div class=\" pt-cv-content-item pt-cv-1-col\" ><div class=\"pt-cv-thumb-wrapper  \"><a href=\"https:\/\/www.offlanges.fr\/index.php\/2010\/12\/20\/bio4\/\" class=\"_self pt-cv-href-thumbnail pt-cv-thumb-default\" target=\"_self\" ><img loading=\"lazy\" decoding=\"async\" width=\"768\" height=\"1086\" src=\"https:\/\/www.offlanges.fr\/wp-content\/uploads\/2025\/12\/bio_4-768x1086.jpg\" class=\"pt-cv-thumbnail\" alt=\"\" \/><\/a><\/div>\n<h4 class=\"pt-cv-title\"><a href=\"https:\/\/www.offlanges.fr\/index.php\/2010\/12\/20\/bio4\/\" class=\"_self\" target=\"_self\" >Bio N\u00b04<\/a><\/h4>\n<div class=\"pt-cv-content\">\n<ul class=\"wp-block-list\">\n<li>Vie quotidienne\n<ul class=\"wp-block-list\">\n<li>Nouvelle place<\/li>\n\n\n\n<li>Chaufferie communale<\/li>\n<\/ul>\n<\/li>\n\n\n\n<li>Vie associative\n<ul class=\"wp-block-list\">\n<li>Un \u00e9t\u00e9 bien rempli<\/li>\n<\/ul>\n<\/li>\n\n\n\n<li>La parole aux enfants\n<ul class=\"wp-block-list\">\n<li>Le cycle de l\u2019eau<\/li>\n<\/ul>\n<\/li>\n\n\n\n<li>Vie associative et festivit\u00e9s\n<ul class=\"wp-block-list\">\n<li>Agenda du foyer rural<\/li>\n\n\n\n<li>Les Amis du BOT<\/li>\n<\/ul>\n<\/li>\n<\/ul>\n\n\n\n<\/div>\n<div class=\"pt-cv-rmwrap\"><a href=\"https:\/\/www.offlanges.fr\/index.php\/2010\/12\/20\/bio4\/\" class=\"_self pt-cv-readmore btn btn-success\" target=\"_self\" >Lire La Suite\u2026<\/a><\/div><\/div><\/div><\/div>\n<div class=\" pt-cv-pagination-wrapper\"><ul class=\"pt-cv-pagination pt-cv-ajax pagination\" data-totalpages=\"2\" data-currentpage=\"1\" data-sid=\"lg21j2j8\" data-unid=\"\" data-isblock=\"grid1\" data-postid=\"0\"><li class=\"active\"><a href=\"#\">1<\/a><\/li>\n\t<li ><a class=\"\" href=\"https:\/\/www.offlanges.fr\/index.php\/wp-json\/wp\/v2\/pages\/767\/?_page=2\">2<\/a><\/li>\n\t<li ><a class=\" \" href=\"https:\/\/www.offlanges.fr\/index.php\/wp-json\/wp\/v2\/pages\/767\/?_page=2\">&rsaquo;<\/a><\/li>\n\t<\/ul><img loading=\"lazy\" decoding=\"async\" width=\"15\" height=\"15\" class=\"pt-cv-spinner\" alt=\"Chargement\u2026\" src=\"data:image\/gif;base64,R0lGODlhDwAPALMPAMrKygwMDJOTkz09PZWVla+vr3p6euTk5M7OzuXl5TMzMwAAAJmZmWZmZszMzP\/\/\/yH\/C05FVFNDQVBFMi4wAwEAAAAh+QQFCgAPACwAAAAADwAPAAAEQvDJaZaZOIcV8iQK8VRX4iTYoAwZ4iCYoAjZ4RxejhVNoT+mRGP4cyF4Pp0N98sBGIBMEMOotl6YZ3S61Bmbkm4mAgAh+QQFCgAPACwAAAAADQANAAAENPDJSRSZeA418itN8QiK8BiLITVsFiyBBIoYqnoewAD4xPw9iY4XLGYSjkQR4UAUD45DLwIAIfkEBQoADwAsAAAAAA8ACQAABC\/wyVlamTi3nSdgwFNdhEJgTJoNyoB9ISYoQmdjiZPcj7EYCAeCF1gEDo4Dz2eIAAAh+QQFCgAPACwCAAAADQANAAAEM\/DJBxiYeLKdX3IJZT1FU0iIg2RNKx3OkZVnZ98ToRD4MyiDnkAh6BkNC0MvsAj0kMpHBAAh+QQFCgAPACwGAAAACQAPAAAEMDC59KpFDll73HkAA2wVY5KgiK5b0RRoI6MuzG6EQqCDMlSGheEhUAgqgUUAFRySIgAh+QQFCgAPACwCAAIADQANAAAEM\/DJKZNLND\/kkKaHc3xk+QAMYDKsiaqmZCxGVjSFFCxB1vwy2oOgIDxuucxAMTAJFAJNBAAh+QQFCgAPACwAAAYADwAJAAAEMNAs86q1yaWwwv2Ig0jUZx3OYa4XoRAfwADXoAwfo1+CIjyFRuEho60aSNYlOPxEAAAh+QQFCgAPACwAAAIADQANAAAENPA9s4y8+IUVcqaWJ4qEQozSoAzoIyhCK2NFU2SJk0hNnyEOhKR2AzAAj4Pj4GE4W0bkJQIAOw==\" \/><div class=\"clear pt-cv-clear-pagination\"><\/div><\/div> <\/div> <style>\n\n#pt-cv-view-lg21j2j8 { margin: 20px 20px 20px 20px;border-radius: 0px 0px 0px 0px; }#pt-cv-view-lg21j2j8 .pt-cv-content-item { background-color: #ffffff;padding: 0px 0px 0px 0px; }#pt-cv-view-lg21j2j8 .pt-cv-meta-fields {  }#pt-cv-view-lg21j2j8 .pt-cv-meta-fields * { font-size: 13px; }#pt-cv-view-lg21j2j8 .pt-cv-thumb-wrapper:not(.miniwrap) {  }#pt-cv-view-lg21j2j8 .pt-cv-thumbnail:not(.pt-cv-thumbnailsm) { height: 250px; }#pt-cv-view-lg21j2j8 .pt-cv-title a { display: block;color: #024caa;margin: 0px 10px 0px 10px; }#pt-cv-view-lg21j2j8 .pt-cv-title:not(.pt-cv-titlesm) a { font-weight: 600;text-decoration: none;font-size: 20px; }#pt-cv-view-lg21j2j8 .pt-cv-titlesm a { font-weight: 600;font-size: 18px; }#pt-cv-view-lg21j2j8 .pt-cv-content { color: #2b2b2b;font-size: 15px;margin: 0px 10px 0px 10px; }#pt-cv-view-lg21j2j8 .pt-cv-rmwrap { text-align: right; }#pt-cv-view-lg21j2j8 .pt-cv-readmore { color: #fff;background-color: #024caa;font-size: 14px;margin: 0px 10px 0px 10px; }#pt-cv-view-lg21j2j8 .pt-cv-taxoterm {  }#pt-cv-view-lg21j2j8 .pt-cv-taxoterm * { color: #222;background-color: #fff6f6;font-size: 14px; }#pt-cv-view-lg21j2j8 + .pt-cv-pagination-wrapper { text-align: center; }#pt-cv-view-lg21j2j8 + .pt-cv-pagination-wrapper a { font-size: 14px; }#pt-cv-view-lg21j2j8 > .pt-cv-page {grid-template-columns: repeat(3, 1fr);grid-gap: 20px;}#pt-cv-view-lg21j2j8 .pt-cv-title a:hover { color: #ff6900; }#pt-cv-view-lg21j2j8 .pt-cv-title:not(.pt-cv-titlesm) a:hover {  }#pt-cv-view-lg21j2j8 .pt-cv-rmwrap:hover {  }#pt-cv-view-lg21j2j8 .pt-cv-readmore:hover { background-color: #ff6900; }\n@media all and (max-width: 1024px) { \n#pt-cv-view-lg21j2j8 > .pt-cv-page {}\n} \n@media all and (max-width: 767px) { \n#pt-cv-view-lg21j2j8 > .pt-cv-page {grid-template-columns: repeat(1, 1fr);}\n} <\/style><\/div>\n<\/div><\/div>\n<\/div>\n","protected":false},"excerpt":{"rendered":"<p>Bulletin d&rsquo;Information d&rsquo;Offlanges Le BIO (Bulletin d&rsquo;Information d&rsquo;Offlanges) et le bulletin des offlangeois et des offlangeoises. C\u2019est un lien entre concitoyens, un lien utile qui ne doit pas \u00eatre un vecteur \u00e0 sens unique : ses colonnes sont ouvertes \u00e0 vos contributions, qu\u2019il s\u2019agisse d\u2019actualit\u00e9s associatives ou de fragments d\u2019histoire locale\u2026 Les derniers BIO sont [&hellip;]<\/p>\n","protected":false},"author":1,"featured_media":0,"parent":0,"menu_order":0,"comment_status":"closed","ping_status":"closed","template":"avec-cadre-titre","meta":{"footnotes":""},"class_list":["post-767","page","type-page","status-publish","hentry"],"_links":{"self":[{"href":"https:\/\/www.offlanges.fr\/index.php\/wp-json\/wp\/v2\/pages\/767","targetHints":{"allow":["GET"]}}],"collection":[{"href":"https:\/\/www.offlanges.fr\/index.php\/wp-json\/wp\/v2\/pages"}],"about":[{"href":"https:\/\/www.offlanges.fr\/index.php\/wp-json\/wp\/v2\/types\/page"}],"author":[{"embeddable":true,"href":"https:\/\/www.offlanges.fr\/index.php\/wp-json\/wp\/v2\/users\/1"}],"replies":[{"embeddable":true,"href":"https:\/\/www.offlanges.fr\/index.php\/wp-json\/wp\/v2\/comments?post=767"}],"version-history":[{"count":128,"href":"https:\/\/www.offlanges.fr\/index.php\/wp-json\/wp\/v2\/pages\/767\/revisions"}],"predecessor-version":[{"id":3564,"href":"https:\/\/www.offlanges.fr\/index.php\/wp-json\/wp\/v2\/pages\/767\/revisions\/3564"}],"wp:attachment":[{"href":"https:\/\/www.offlanges.fr\/index.php\/wp-json\/wp\/v2\/media?parent=767"}],"curies":[{"name":"wp","href":"https:\/\/api.w.org\/{rel}","templated":true}]}}