{"id":3418,"date":"2025-12-12T17:54:05","date_gmt":"2025-12-12T16:54:05","guid":{"rendered":"http:\/\/wordpress.offlanges.fr\/?page_id=3418"},"modified":"2026-03-15T09:28:21","modified_gmt":"2026-03-15T08:28:21","slug":"annonces","status":"publish","type":"page","link":"https:\/\/www.offlanges.fr\/index.php\/annonces\/","title":{"rendered":"Annonces"},"content":{"rendered":"\n<div class=\"wp-block-group has-background is-layout-flow wp-block-group-is-layout-flow\" style=\"background-color:#f5f5f5;padding-top:20px;padding-right:20px;padding-bottom:20px;padding-left:20px\"><div class='pt-cv-wrapper'> <div class=\"pt-cv-view pt-cv-blockgrid iscvblock iscvreal grid1 layout1 cveffect-zoomin\" id=\"pt-cv-view-8amt2628\"><div data-id=\"pt-cv-page-1\" class=\"pt-cv-page\" data-cvc=\"3\"><div class=\" pt-cv-content-item pt-cv-1-col\" ><div class=\"pt-cv-thumb-wrapper  \"><a href=\"https:\/\/www.offlanges.fr\/index.php\/2026\/03\/20\/conseil-municipale-2026\/\" class=\"_self pt-cv-href-thumbnail pt-cv-thumb-default\" target=\"_self\" ><img loading=\"lazy\" decoding=\"async\" width=\"768\" height=\"440\" src=\"https:\/\/www.offlanges.fr\/wp-content\/uploads\/2026\/03\/Liste-municipale-2026-768x440.jpg\" class=\"pt-cv-thumbnail\" alt=\"\" \/><\/a><\/div>\n<h4 class=\"pt-cv-title\"><a href=\"https:\/\/www.offlanges.fr\/index.php\/2026\/03\/20\/conseil-municipale-2026\/\" class=\"_self\" target=\"_self\" >Conseil municipale 2026<\/a><\/h4>\n<div class=\"pt-cv-content\">Le nouveau Conseil municipal a \u00e9t\u00e9 mis en place ce vendredi 20 mars 2026 &#8230;<\/div>\n<div class=\"pt-cv-rmwrap\"><a href=\"https:\/\/www.offlanges.fr\/index.php\/2026\/03\/20\/conseil-municipale-2026\/\" class=\"_self pt-cv-readmore btn btn-success\" target=\"_self\" >Lire La Suite\u2026<\/a><\/div>\n<div class=\"pt-cv-meta-fields\"><span class=\"entry-date\"><span class=\"glyphicon glyphicon-calendar\"><\/span> <time datetime=\"2026-03-20T21:00:00+01:00\">20 mars 2026<\/time><\/span><\/div><\/div>\n<div class=\" pt-cv-content-item pt-cv-1-col\" ><div class=\"pt-cv-thumb-wrapper  \"><a href=\"https:\/\/www.offlanges.fr\/index.php\/2026\/03\/16\/election-municipale\/\" class=\"_self pt-cv-href-thumbnail pt-cv-thumb-default\" target=\"_self\" ><img loading=\"lazy\" decoding=\"async\" width=\"768\" height=\"546\" src=\"https:\/\/www.offlanges.fr\/wp-content\/uploads\/2025\/12\/elections-AdobeStock_1670762073-768x546.jpg\" class=\"pt-cv-thumbnail\" alt=\"\" \/><\/a><\/div>\n<h4 class=\"pt-cv-title\"><a href=\"https:\/\/www.offlanges.fr\/index.php\/2026\/03\/16\/election-municipale\/\" class=\"_self\" target=\"_self\" >\u00c9lections municipales<\/a><\/h4>\n<div class=\"pt-cv-content\">R\u00e9sultats d&rsquo;Offlanges au 1er\u202ftour du 15 mars 2025 : PARTICIPATION : <strong>57,39%<\/strong><br \/>ABSTENTION : <strong>42,61%<\/strong> 176 inscrits pour 101 votants<br \/>81 exprim\u00e9s soit <strong>46,02%<\/strong><br \/>9 votes blancs soit <strong>8,91%<\/strong><br \/>11 votes nuls soit <strong>10,89%<\/strong> &#8230;<\/div>\n<div class=\"pt-cv-rmwrap\"><a href=\"https:\/\/www.offlanges.fr\/index.php\/2026\/03\/16\/election-municipale\/\" class=\"_self pt-cv-readmore btn btn-success\" target=\"_self\" >Lire La Suite\u2026<\/a><\/div>\n<div class=\"pt-cv-meta-fields\"><span class=\"entry-date\"><span class=\"glyphicon glyphicon-calendar\"><\/span> <time datetime=\"2026-03-16T08:00:00+01:00\">16 mars 2026<\/time><\/span><\/div><\/div>\n<div class=\" pt-cv-content-item pt-cv-1-col\" ><div class=\"pt-cv-thumb-wrapper  \"><a href=\"https:\/\/www.offlanges.fr\/index.php\/2026\/03\/06\/journee-porte-ouvertes\/\" class=\"_self pt-cv-href-thumbnail pt-cv-thumb-default\" target=\"_self\" ><img loading=\"lazy\" decoding=\"async\" width=\"500\" height=\"348\" src=\"https:\/\/www.offlanges.fr\/wp-content\/uploads\/2026\/03\/Ecole-Dammartin.jpg\" class=\"pt-cv-thumbnail\" alt=\"\" \/><\/a><\/div>\n<h4 class=\"pt-cv-title\"><a href=\"https:\/\/www.offlanges.fr\/index.php\/2026\/03\/06\/journee-porte-ouvertes\/\" class=\"_self\" target=\"_self\" >Journ\u00e9e porte-ouvertes<\/a><\/h4>\n<div class=\"pt-cv-content\">L&rsquo;\u00e9cole de Dammartin propose une journ\u00e9e Portes-ouvertes le <strong>samedi 25 avril<\/strong> de <strong>11h00 \u00e0 12h00<\/strong> pour accueillir les parents et les futures Petites sections, qui feront leur premi\u00e8re rentr\u00e9e en &#8230;<\/div>\n<div class=\"pt-cv-rmwrap\"><a href=\"https:\/\/www.offlanges.fr\/index.php\/2026\/03\/06\/journee-porte-ouvertes\/\" class=\"_self pt-cv-readmore btn btn-success\" target=\"_self\" >Lire La Suite\u2026<\/a><\/div>\n<div class=\"pt-cv-meta-fields\"><span class=\"entry-date\"><span class=\"glyphicon glyphicon-calendar\"><\/span> <time datetime=\"2026-03-06T19:37:44+01:00\">6 mars 2026<\/time><\/span><\/div><\/div>\n<div class=\" pt-cv-content-item pt-cv-1-col\" ><div class=\"pt-cv-thumb-wrapper  \"><a href=\"https:\/\/www.offlanges.fr\/index.php\/2026\/01\/01\/voeux-2026\/\" class=\"_self pt-cv-href-thumbnail pt-cv-thumb-default\" target=\"_self\" ><img loading=\"lazy\" decoding=\"async\" width=\"768\" height=\"902\" src=\"https:\/\/www.offlanges.fr\/wp-content\/uploads\/2026\/01\/Voeux-768x902.jpg\" class=\"pt-cv-thumbnail\" alt=\"\" \/><\/a><\/div>\n<h4 class=\"pt-cv-title\"><a href=\"https:\/\/www.offlanges.fr\/index.php\/2026\/01\/01\/voeux-2026\/\" class=\"_self\" target=\"_self\" >V\u0153ux 2026<\/a><\/h4>\n<div class=\"pt-cv-content\">Le Conseil municipal d&rsquo;Offlanges vous pr\u00e9sente ses meilleurs v\u0153ux pour l&rsquo;ann\u00e9e 2026 &#8230;<\/div>\n<div class=\"pt-cv-rmwrap\"><a href=\"https:\/\/www.offlanges.fr\/index.php\/2026\/01\/01\/voeux-2026\/\" class=\"_self pt-cv-readmore btn btn-success\" target=\"_self\" >Lire La Suite\u2026<\/a><\/div>\n<div class=\"pt-cv-meta-fields\"><span class=\"entry-date\"><span class=\"glyphicon glyphicon-calendar\"><\/span> <time datetime=\"2026-01-01T00:01:00+01:00\">1 janvier 2026<\/time><\/span><\/div><\/div>\n<div class=\" pt-cv-content-item pt-cv-1-col\" ><div class=\"pt-cv-thumb-wrapper  \"><a href=\"https:\/\/www.offlanges.fr\/index.php\/2025\/12\/12\/les-nouveaux-calendriers-2026-sont-disponibles\/\" class=\"_self pt-cv-href-thumbnail pt-cv-thumb-default\" target=\"_self\" ><img loading=\"lazy\" decoding=\"async\" width=\"768\" height=\"513\" src=\"https:\/\/www.offlanges.fr\/wp-content\/uploads\/2025\/12\/dechets-768x513.jpg\" class=\"pt-cv-thumbnail\" alt=\"\" \/><\/a><\/div>\n<h4 class=\"pt-cv-title\"><a href=\"https:\/\/www.offlanges.fr\/index.php\/2025\/12\/12\/les-nouveaux-calendriers-2026-sont-disponibles\/\" class=\"_self\" target=\"_self\" >Les nouveaux calendriers 2026 sont disponibles<\/a><\/h4>\n<div class=\"pt-cv-content\">T\u00e9l\u00e9chargez le calendrier pour la commune d&rsquo;Offlanges d\u00e8s aujourd&rsquo;hui pour ne rater aucune collecte &#8230;<\/div>\n<div class=\"pt-cv-rmwrap\"><a href=\"https:\/\/www.offlanges.fr\/index.php\/2025\/12\/12\/les-nouveaux-calendriers-2026-sont-disponibles\/\" class=\"_self pt-cv-readmore btn btn-success\" target=\"_self\" >Lire La Suite\u2026<\/a><\/div>\n<div class=\"pt-cv-meta-fields\"><span class=\"entry-date\"><span class=\"glyphicon glyphicon-calendar\"><\/span> <time datetime=\"2025-12-12T13:51:37+01:00\">12 d\u00e9cembre 2025<\/time><\/span><\/div><\/div>\n<div class=\" pt-cv-content-item pt-cv-1-col\" ><div class=\"pt-cv-thumb-wrapper  \"><a href=\"https:\/\/www.offlanges.fr\/index.php\/2025\/09\/13\/rappel-des-regles-durbanisme\/\" class=\"_self pt-cv-href-thumbnail pt-cv-thumb-default\" target=\"_self\" ><img loading=\"lazy\" decoding=\"async\" width=\"768\" height=\"512\" src=\"https:\/\/www.offlanges.fr\/wp-content\/uploads\/2025\/09\/rnu-urbanisme-768x512.jpg\" class=\"pt-cv-thumbnail\" alt=\"\" \/><\/a><\/div>\n<h4 class=\"pt-cv-title\"><a href=\"https:\/\/www.offlanges.fr\/index.php\/2025\/09\/13\/rappel-des-regles-durbanisme\/\" class=\"_self\" target=\"_self\" >Rappel des r\u00e8gles d&rsquo;urbanisme<\/a><\/h4>\n<div class=\"pt-cv-content\">Tout projet de construction, d\u2019extension ou de modification int\u00e9rieure ou ext\u00e9rieure doit faire l\u2019objet d\u2019une d\u00e9claration pr\u00e9alable ou d\u2019un permis de construire &#8230;<\/div>\n<div class=\"pt-cv-rmwrap\"><a href=\"https:\/\/www.offlanges.fr\/index.php\/2025\/09\/13\/rappel-des-regles-durbanisme\/\" class=\"_self pt-cv-readmore btn btn-success\" target=\"_self\" >Lire La Suite\u2026<\/a><\/div>\n<div class=\"pt-cv-meta-fields\"><span class=\"entry-date\"><span class=\"glyphicon glyphicon-calendar\"><\/span> <time datetime=\"2025-09-13T18:36:00+02:00\">13 septembre 2025<\/time><\/span><\/div><\/div>\n<div class=\" pt-cv-content-item pt-cv-1-col\" ><div class=\"pt-cv-thumb-wrapper  \"><a href=\"https:\/\/www.offlanges.fr\/index.php\/2025\/06\/19\/affouage\/\" class=\"_self pt-cv-href-thumbnail pt-cv-thumb-default\" target=\"_self\" ><img loading=\"lazy\" decoding=\"async\" width=\"768\" height=\"576\" src=\"https:\/\/www.offlanges.fr\/wp-content\/uploads\/2025\/06\/Affouage-768x576.jpg\" class=\"pt-cv-thumbnail\" alt=\"\" \/><\/a><\/div>\n<h4 class=\"pt-cv-title\"><a href=\"https:\/\/www.offlanges.fr\/index.php\/2025\/06\/19\/affouage\/\" class=\"_self\" target=\"_self\" >Affouage<\/a><\/h4>\n<div class=\"pt-cv-content\">Les personnes int\u00e9ress\u00e9es par un affouage parcelles 2\/7\/8\/9 sont invit\u00e9es \u00e0 s\u2019inscrire en mairie avant le <strong>lundi 28 juillet 2025<\/strong> &#8230;<\/div>\n<div class=\"pt-cv-rmwrap\"><a href=\"https:\/\/www.offlanges.fr\/index.php\/2025\/06\/19\/affouage\/\" class=\"_self pt-cv-readmore btn btn-success\" target=\"_self\" >Lire La Suite\u2026<\/a><\/div>\n<div class=\"pt-cv-meta-fields\"><span class=\"entry-date\"><span class=\"glyphicon glyphicon-calendar\"><\/span> <time datetime=\"2025-06-19T11:27:00+02:00\">19 juin 2025<\/time><\/span><\/div><\/div>\n<div class=\" pt-cv-content-item pt-cv-1-col\" ><div class=\"pt-cv-thumb-wrapper  \"><a href=\"https:\/\/www.offlanges.fr\/index.php\/2025\/05\/12\/la-commune-recrute\/\" class=\"_self pt-cv-href-thumbnail pt-cv-thumb-default\" target=\"_self\" ><img loading=\"lazy\" decoding=\"async\" width=\"768\" height=\"512\" src=\"https:\/\/www.offlanges.fr\/wp-content\/uploads\/2025\/12\/cleaning-tools-6765382_1280-768x512.jpg\" class=\"pt-cv-thumbnail\" alt=\"\" \/><\/a><\/div>\n<h4 class=\"pt-cv-title\"><a href=\"https:\/\/www.offlanges.fr\/index.php\/2025\/05\/12\/la-commune-recrute\/\" class=\"_self\" target=\"_self\" >La commune recrute<\/a><\/h4>\n<div class=\"pt-cv-content\">La commune d&rsquo;Offlanges recherche un agent d&rsquo;entretien &#8230;<\/div>\n<div class=\"pt-cv-rmwrap\"><a href=\"https:\/\/www.offlanges.fr\/index.php\/2025\/05\/12\/la-commune-recrute\/\" class=\"_self pt-cv-readmore btn btn-success\" target=\"_self\" >Lire La Suite\u2026<\/a><\/div>\n<div class=\"pt-cv-meta-fields\"><span class=\"entry-date\"><span class=\"glyphicon glyphicon-calendar\"><\/span> <time datetime=\"2025-05-12T10:32:00+02:00\">12 mai 2025<\/time><\/span><\/div><\/div>\n<div class=\" pt-cv-content-item pt-cv-1-col\" ><div class=\"pt-cv-thumb-wrapper  \"><a href=\"https:\/\/www.offlanges.fr\/index.php\/2025\/04\/16\/controle-sanitaire-des-eaux-de-consommation-humaine\/\" class=\"_self pt-cv-href-thumbnail pt-cv-thumb-default\" target=\"_self\" ><img loading=\"lazy\" decoding=\"async\" width=\"768\" height=\"512\" src=\"https:\/\/www.offlanges.fr\/wp-content\/uploads\/2025\/04\/eau-consommation-humaine-768x512.jpg\" class=\"pt-cv-thumbnail\" alt=\"\" \/><\/a><\/div>\n<h4 class=\"pt-cv-title\"><a href=\"https:\/\/www.offlanges.fr\/index.php\/2025\/04\/16\/controle-sanitaire-des-eaux-de-consommation-humaine\/\" class=\"_self\" target=\"_self\" >Contr\u00f4le sanitaire des eaux de consommation humaine<\/a><\/h4>\n<div class=\"pt-cv-content\">Veuillez trouver ci-joint la conclusion sanitaire de l&rsquo;ARS relative aux r\u00e9sultats d&rsquo;analyses effectu\u00e9es sur notre unit\u00e9 de distribution dans le cadre du contr\u00f4le sanitaire de l&rsquo;eau destin\u00e9e \u00e0 la consommation &#8230;<\/div>\n<div class=\"pt-cv-rmwrap\"><a href=\"https:\/\/www.offlanges.fr\/index.php\/2025\/04\/16\/controle-sanitaire-des-eaux-de-consommation-humaine\/\" class=\"_self pt-cv-readmore btn btn-success\" target=\"_self\" >Lire La Suite\u2026<\/a><\/div>\n<div class=\"pt-cv-meta-fields\"><span class=\"entry-date\"><span class=\"glyphicon glyphicon-calendar\"><\/span> <time datetime=\"2025-04-16T13:11:00+02:00\">16 avril 2025<\/time><\/span><\/div><\/div>\n<div class=\" pt-cv-content-item pt-cv-1-col\" ><div class=\"pt-cv-thumb-wrapper  \"><a href=\"https:\/\/www.offlanges.fr\/index.php\/2025\/03\/27\/conferences\/\" class=\"_self pt-cv-href-thumbnail pt-cv-thumb-default\" target=\"_self\" ><img loading=\"lazy\" decoding=\"async\" width=\"768\" height=\"1126\" src=\"https:\/\/www.offlanges.fr\/wp-content\/uploads\/2025\/12\/SVO-768x1126.jpg\" class=\"pt-cv-thumbnail\" alt=\"\" \/><\/a><\/div>\n<h4 class=\"pt-cv-title\"><a href=\"https:\/\/www.offlanges.fr\/index.php\/2025\/03\/27\/conferences\/\" class=\"_self\" target=\"_self\" >Conf\u00e9rences<\/a><\/h4>\n<div class=\"pt-cv-content\">Le <strong>Syndicat de la Vall\u00e9e de l\u2019Ognon<\/strong> s\u2019engage dans une d\u00e9marche de dialogue territorial visant \u00e0 faciliter les \u00e9changes entre les citoyens, les chercheurs et les techniciens du Syndicat. Cette &#8230;<\/div>\n<div class=\"pt-cv-rmwrap\"><a href=\"https:\/\/www.offlanges.fr\/index.php\/2025\/03\/27\/conferences\/\" class=\"_self pt-cv-readmore btn btn-success\" target=\"_self\" >Lire La Suite\u2026<\/a><\/div>\n<div class=\"pt-cv-meta-fields\"><span class=\"entry-date\"><span class=\"glyphicon glyphicon-calendar\"><\/span> <time datetime=\"2025-03-27T13:22:00+01:00\">27 mars 2025<\/time><\/span><\/div><\/div>\n<div class=\" pt-cv-content-item pt-cv-1-col\" ><div class=\"pt-cv-thumb-wrapper  \"><a href=\"https:\/\/www.offlanges.fr\/index.php\/2025\/01\/01\/voeux-2025-2\/\" class=\"_self pt-cv-href-thumbnail pt-cv-thumb-default\" target=\"_self\" ><img loading=\"lazy\" decoding=\"async\" width=\"600\" height=\"597\" src=\"https:\/\/www.offlanges.fr\/wp-content\/uploads\/2025\/12\/Voeux_2025.png\" class=\"pt-cv-thumbnail\" alt=\"\" \/><\/a><\/div>\n<h4 class=\"pt-cv-title\"><a href=\"https:\/\/www.offlanges.fr\/index.php\/2025\/01\/01\/voeux-2025-2\/\" class=\"_self\" target=\"_self\" >V\u0153ux 2025<\/a><\/h4>\n<div class=\"pt-cv-content\">Le conseil municipal d&rsquo;Offlanges vous souhaite de joyeuses f\u00eates et vous pr\u00e9sente ses meilleurs v\u0153ux pour l&rsquo;ann\u00e9e 2025 &#8230;<\/div>\n<div class=\"pt-cv-rmwrap\"><a href=\"https:\/\/www.offlanges.fr\/index.php\/2025\/01\/01\/voeux-2025-2\/\" class=\"_self pt-cv-readmore btn btn-success\" target=\"_self\" >Lire La Suite\u2026<\/a><\/div>\n<div class=\"pt-cv-meta-fields\"><span class=\"entry-date\"><span class=\"glyphicon glyphicon-calendar\"><\/span> <time datetime=\"2025-01-01T22:37:00+01:00\">1 janvier 2025<\/time><\/span><\/div><\/div>\n<div class=\" pt-cv-content-item pt-cv-1-col\" ><div class=\"pt-cv-thumb-wrapper  \"><a href=\"https:\/\/www.offlanges.fr\/index.php\/2024\/11\/10\/projet-amarheto\/\" class=\"_self pt-cv-href-thumbnail pt-cv-thumb-default\" target=\"_self\" ><img loading=\"lazy\" decoding=\"async\" width=\"768\" height=\"279\" src=\"https:\/\/www.offlanges.fr\/wp-content\/uploads\/2025\/12\/image002-768x279.jpg\" class=\"pt-cv-thumbnail\" alt=\"\" \/><\/a><\/div>\n<h4 class=\"pt-cv-title\"><a href=\"https:\/\/www.offlanges.fr\/index.php\/2024\/11\/10\/projet-amarheto\/\" class=\"_self\" target=\"_self\" >Projet Amarheto<\/a><\/h4>\n<div class=\"pt-cv-content\">Agriculteurs, communes, chasseurs et particuliers sont \u00e9ligibles et financ\u00e9s \u00e0 100% pour tout type de projet (haies, mares, ripisylves, bande enherb\u00e9e) &#8230;<\/div>\n<div class=\"pt-cv-rmwrap\"><a href=\"https:\/\/www.offlanges.fr\/index.php\/2024\/11\/10\/projet-amarheto\/\" class=\"_self pt-cv-readmore btn btn-success\" target=\"_self\" >Lire La Suite\u2026<\/a><\/div>\n<div class=\"pt-cv-meta-fields\"><span class=\"entry-date\"><span class=\"glyphicon glyphicon-calendar\"><\/span> <time datetime=\"2024-11-10T22:39:00+01:00\">10 novembre 2024<\/time><\/span><\/div><\/div><\/div><\/div>\n<div class=\" pt-cv-pagination-wrapper\"><ul class=\"pt-cv-pagination pt-cv-ajax pagination\" data-totalpages=\"8\" data-currentpage=\"1\" data-sid=\"8amt2628\" data-unid=\"\" data-isblock=\"grid1\" data-postid=\"0\"><li class=\"active\"><a href=\"#\">1<\/a><\/li>\n\t<li ><a class=\"\" href=\"https:\/\/www.offlanges.fr\/index.php\/wp-json\/wp\/v2\/pages\/3418\/?_page=2\">2<\/a><\/li>\n\t<li ><a class=\"\" href=\"https:\/\/www.offlanges.fr\/index.php\/wp-json\/wp\/v2\/pages\/3418\/?_page=3\">3<\/a><\/li>\n\t<li ><a href=\"#\">\u2026<\/a><\/li>\n\t<li ><a class=\"\" href=\"https:\/\/www.offlanges.fr\/index.php\/wp-json\/wp\/v2\/pages\/3418\/?_page=8\">8<\/a><\/li>\n\t<li ><a class=\" \" href=\"https:\/\/www.offlanges.fr\/index.php\/wp-json\/wp\/v2\/pages\/3418\/?_page=2\">&rsaquo;<\/a><\/li>\n\t<\/ul><img loading=\"lazy\" decoding=\"async\" width=\"15\" height=\"15\" class=\"pt-cv-spinner\" alt=\"Chargement\u2026\" src=\"data:image\/gif;base64,R0lGODlhDwAPALMPAMrKygwMDJOTkz09PZWVla+vr3p6euTk5M7OzuXl5TMzMwAAAJmZmWZmZszMzP\/\/\/yH\/C05FVFNDQVBFMi4wAwEAAAAh+QQFCgAPACwAAAAADwAPAAAEQvDJaZaZOIcV8iQK8VRX4iTYoAwZ4iCYoAjZ4RxejhVNoT+mRGP4cyF4Pp0N98sBGIBMEMOotl6YZ3S61Bmbkm4mAgAh+QQFCgAPACwAAAAADQANAAAENPDJSRSZeA418itN8QiK8BiLITVsFiyBBIoYqnoewAD4xPw9iY4XLGYSjkQR4UAUD45DLwIAIfkEBQoADwAsAAAAAA8ACQAABC\/wyVlamTi3nSdgwFNdhEJgTJoNyoB9ISYoQmdjiZPcj7EYCAeCF1gEDo4Dz2eIAAAh+QQFCgAPACwCAAAADQANAAAEM\/DJBxiYeLKdX3IJZT1FU0iIg2RNKx3OkZVnZ98ToRD4MyiDnkAh6BkNC0MvsAj0kMpHBAAh+QQFCgAPACwGAAAACQAPAAAEMDC59KpFDll73HkAA2wVY5KgiK5b0RRoI6MuzG6EQqCDMlSGheEhUAgqgUUAFRySIgAh+QQFCgAPACwCAAIADQANAAAEM\/DJKZNLND\/kkKaHc3xk+QAMYDKsiaqmZCxGVjSFFCxB1vwy2oOgIDxuucxAMTAJFAJNBAAh+QQFCgAPACwAAAYADwAJAAAEMNAs86q1yaWwwv2Ig0jUZx3OYa4XoRAfwADXoAwfo1+CIjyFRuEho60aSNYlOPxEAAAh+QQFCgAPACwAAAIADQANAAAENPA9s4y8+IUVcqaWJ4qEQozSoAzoIyhCK2NFU2SJk0hNnyEOhKR2AzAAj4Pj4GE4W0bkJQIAOw==\" \/><div class=\"clear pt-cv-clear-pagination\"><\/div><\/div> <\/div> <style>\n\n#pt-cv-view-8amt2628 .pt-cv-content-item { background-color: #ffffff;padding: 0px 0px 0px 0px; }#pt-cv-view-8amt2628 .pt-cv-meta-fields { padding: 0px 10px 0px 10px; }#pt-cv-view-8amt2628 .pt-cv-meta-fields * { font-size: 13px; }#pt-cv-view-8amt2628 .pt-cv-thumb-wrapper:not(.miniwrap) {  }#pt-cv-view-8amt2628 .pt-cv-thumbnail:not(.pt-cv-thumbnailsm) { height: 250px; }#pt-cv-view-8amt2628 .pt-cv-title a { display: block;padding: 0px 10px 0px 10px; }#pt-cv-view-8amt2628 .pt-cv-title:not(.pt-cv-titlesm) a { font-weight: 600;text-decoration: none;font-size: 20px; }#pt-cv-view-8amt2628 .pt-cv-titlesm a { font-weight: 600;font-size: 18px; }#pt-cv-view-8amt2628 .pt-cv-content { font-size: 15px;padding: 0px 10px 0px 10px; }#pt-cv-view-8amt2628 .pt-cv-rmwrap { text-align: right; }#pt-cv-view-8amt2628 .pt-cv-readmore { color: #fff;background-color: #024caa;font-size: 14px;margin: 0px 10px 0px 10px; }#pt-cv-view-8amt2628 .pt-cv-taxoterm {  }#pt-cv-view-8amt2628 .pt-cv-taxoterm * { color: #222;background-color: #fff6f6;font-size: 14px; }#pt-cv-view-8amt2628 + .pt-cv-pagination-wrapper { text-align: center; }#pt-cv-view-8amt2628 + .pt-cv-pagination-wrapper a { font-size: 14px; }#pt-cv-view-8amt2628 > .pt-cv-page {grid-template-columns: repeat(3, 1fr);grid-gap: 20px;}\n@media all and (max-width: 1024px) { \n#pt-cv-view-8amt2628 > .pt-cv-page {}\n} \n@media all and (max-width: 767px) { \n#pt-cv-view-8amt2628 > .pt-cv-page {grid-template-columns: repeat(1, 1fr);}\n} <\/style><\/div>\n","protected":false},"excerpt":{"rendered":"","protected":false},"author":1,"featured_media":0,"parent":0,"menu_order":0,"comment_status":"closed","ping_status":"closed","template":"avec-cadre-titre","meta":{"footnotes":""},"class_list":["post-3418","page","type-page","status-publish","hentry"],"_links":{"self":[{"href":"https:\/\/www.offlanges.fr\/index.php\/wp-json\/wp\/v2\/pages\/3418","targetHints":{"allow":["GET"]}}],"collection":[{"href":"https:\/\/www.offlanges.fr\/index.php\/wp-json\/wp\/v2\/pages"}],"about":[{"href":"https:\/\/www.offlanges.fr\/index.php\/wp-json\/wp\/v2\/types\/page"}],"author":[{"embeddable":true,"href":"https:\/\/www.offlanges.fr\/index.php\/wp-json\/wp\/v2\/users\/1"}],"replies":[{"embeddable":true,"href":"https:\/\/www.offlanges.fr\/index.php\/wp-json\/wp\/v2\/comments?post=3418"}],"version-history":[{"count":36,"href":"https:\/\/www.offlanges.fr\/index.php\/wp-json\/wp\/v2\/pages\/3418\/revisions"}],"predecessor-version":[{"id":5123,"href":"https:\/\/www.offlanges.fr\/index.php\/wp-json\/wp\/v2\/pages\/3418\/revisions\/5123"}],"wp:attachment":[{"href":"https:\/\/www.offlanges.fr\/index.php\/wp-json\/wp\/v2\/media?parent=3418"}],"curies":[{"name":"wp","href":"https:\/\/api.w.org\/{rel}","templated":true}]}}